or of 86471291 and 7737.
2579
Calculate the greatest common factor of 580 and 7408630.
290
Calculate the highest common factor of 630208 and 3472556.
916
What is the highest common divisor of 530032 and 55892?
628
What is the greatest common divisor of 164 and 104794852?
164
Calculate the highest common divisor of 37211 and 711073.
127
Calculate the greatest common factor of 121 and 2069749.
11
Calculate the greatest common divisor of 131956681 and 23.
23
What is the highest common divisor of 17299867 and 4173?
1391
Calculate the highest common factor of 352 and 994444.
44
Calculate the highest common factor of 2371668 and 852.
12
Calculate the highest common divisor of 278306 and 3909794.
2702
Calculate the highest common factor of 49 and 1520708.
7
Calculate the highest common divisor of 127 and 2481458461.
127
Calculate the greatest common factor of 39316776 and 28992.
3624
What is the greatest common factor of 1728 and 2270565?
27
Calculate the highest common factor of 495 and 1254429.
99
What is the highest common divisor of 368975 and 7475?
25
What is the greatest common factor of 3354 and 83477706?
3354
Calculate the greatest common divisor of 14117186 and 97.
97
Calculate the greatest common divisor of 228 and 14581524.
12
Calculate the greatest common factor of 477268 and 2266.
22
Calculate the greatest common divisor of 9660728 and 11704.
616
Calculate the greatest common factor of 16304 and 6856.
8
Calculate the highest common divisor of 2212675 and 4690.
335
Calculate the greatest common divisor of 81674 and 2134.
194
What is the greatest common divisor of 354687 and 34953?
573
What is the highest common factor of 32861620 and 352?
44
Calculate the highest common divisor of 37468633 and 23.
23
What is the highest common divisor of 30429841 and 195?
13
What is the greatest common divisor of 137837694 and 654?
654
Calculate the greatest common divisor of 3 and 1101921.
3
Calculate the highest common factor of 1013299753 and 46.
23
Calculate the highest common divisor of 125 and 115880.
5
Calculate the greatest common factor of 1360 and 79645.
85
What is the greatest common factor of 20618 and 2619157?
61
Calculate the highest common factor of 6072 and 11565642.
1518
Calculate the greatest common divisor of 168736656 and 1056.
528
Calculate the highest common factor of 482962210 and 10.
10
Calculate the highest common divisor of 4101524 and 777.
259
Calculate the highest common factor of 2241 and 5631384.
249
What is the highest common factor of 32655 and 227675?
35
What is the greatest common factor of 120 and 3451155?
15
What is the highest common factor of 4068675 and 507?
507
Calculate the highest common factor of 17773856 and 13348.
284
Calculate the greatest common divisor of 90 and 40704750.
90
What is the greatest common factor of 76963338 and 3078?
1026
What is the highest common divisor of 260196462 and 324?
162
What is the highest common factor of 174 and 52705180?
58
What is the greatest common divisor of 100 and 27034700?
100
Calculate the highest common factor of 5569610 and 10730.
370
Calculate the highest common factor of 498 and 48079742.
166
What is the highest common factor of 2968 and 47884970?
742
What is the greatest common factor of 70 and 1779447110?
70
Calculate the highest common divisor of 201 and 15927.
3
Calculate the highest common factor of 6665648 and 23716.
484
What is the greatest common factor of 31559061 and 1461?
1461
Calculate the greatest common factor of 364091 and 52.
13
Calculate the highest common divisor of 193251 and 38739.
111
Calculate the highest common divisor of 3337846 and 94.
94
Calculate the highest common factor of 10363012 and 1012.
44
What is the highest common divisor of 11636 and 5232?
4
Calculate the highest common factor of 52812244 and 3916.
356
What is the highest common factor of 4444 and 1063172?
44
What is the greatest common divisor of 19097321 and 1?
1
What is the highest common factor of 3817 and 1501258?
11
What is the greatest common factor of 116 and 8604851?
29
What is the greatest common divisor of 8611 and 108546?
79
Calculate the highest common divisor of 2774268 and 848400.
8484
Calculate the highest common factor of 16 and 11649600.
16
Calculate the highest common factor of 754478714 and 418.
418
What is the greatest common divisor of 20776 and 86443?
371
What is the highest common factor of 46 and 50829425?
23
Calculate the greatest common factor of 3180 and 288558924.
636
What is the highest common divisor of 669834 and 51777?
99
Calculate the greatest common factor of 9052 and 31483724.
124
Calculate the greatest common factor of 151314 and 1362.
6
What is the greatest common factor of 23402 and 18118?
2
Calculate the highest common divisor of 18767947 and 847.
121
Calculate the greatest common factor of 2714173 and 847.
77
What is the greatest common divisor of 1719 and 879173?
191
Calculate the greatest common factor of 275709 and 285.
57
What is the greatest common factor of 406026 and 450?
18
Calculate the highest common divisor of 1171572 and 516.
12
What is the greatest common factor of 787203 and 723753?
423
What is the highest common divisor of 50347 and 1345638?
4577
Calculate the greatest common divisor of 231920 and 43420.
260
Calculate the highest common factor of 198345130 and 4965.
1655
What is the greatest common factor of 9 and 1639116?
9
Calculate the greatest common divisor of 38373705 and 18.
9
What is the greatest common factor of 60 and 3332964?
12
Calculate the greatest common factor of 10990 and 13720.
70
Calculate the greatest common divisor of 1638 and 14204610.
126
Calculate the highest common divisor of 14208 and 2391552.
384
Calculate the highest common divisor of 506 and 679613.
11
What is the greatest common divisor of 58348113 and 1535?
307
What is the highest common factor of 434925 and 1995?
15
What is the highest common factor of 128 and 22081728?
64
What is the highest common divisor of 2160 and 12272?
16
What is the greatest common divisor of 24 and 6913056?
24
Calculate the greatest common factor of 21771 and 3348675.
369
What is the highest common factor of 387266184 and 864?
216
Calculate the greatest common factor of 841003240 and 964.
964
What is the highest common factor of 26 and 33634822?
26
Calculate the greatest common divisor of 1314819 and 27731.
11
What is the highest common divisor of 9333 and 114131?
61
What is the highest common factor of 179748450 and 2025?
675
Calculate the highest common factor of 16904075 and 575.
25
Calculate the greatest common divisor of 4 and 15652553.
1
What is the highest common divisor of 8509099 and 80811?
2993
What is the greatest common divisor of 910 and 2501590?
910
Calculate the highest common factor of 399 and 722304.
57
Calculate the highest common divisor of 856 and 1460586808.
856
What is the greatest common factor of 436025 and 7021225?
4075
Calculate the greatest common divisor of 57875454 and 30082.
2314
What is the highest common divisor of 1474405155 and 765?
765
Calculate the highest common factor of 161 and 2505070806.
161
What is the highest common divisor of 3456 and 654021?
27
What is the highest common factor of 1510453 and 17969?
1057
What is the greatest common factor of 3381 and 2838423?
147
Calculate the greatest common factor of 488 and 5756208.
8
What is the greatest common factor of 9215230 and 10?
10
What is the greatest common divisor of 996 and 247483590?
498
What is the highest common factor of 994134 and 12042?
1338
What is the highest common divisor of 109 and 3650083?
109
Calculate the greatest common factor of 20935719 and 1728.
27
What is the highest common divisor of 409428 and 329562?
918
Calculate the highest common factor of 24443188 and 86254.
854
What is the greatest common factor of 42 and 2459190?
6
Calculate the greatest common divisor of 16821 and 1097712.
189
What is the greatest common factor of 55 and 11139733?
11
Calculate the greatest common divisor of 277680 and 100.
20
Calculate the greatest common divisor of 105154626 and 1824.
114
Calculate the highest common divisor of 253 and 219765069.
23
Calculate the highest common factor of 13 and 167207261.
13
What is the highest common factor of 5229 and 1309491?
747
What is t